= -126*f**3 - 45*f**2 - 1. Let a be g(-1). What is the greatest common divisor of 3880 and a?
40
Let q be (-285)/(-6)*4/5. Let k(f) = -26*f + 128. Let n be k(12). Let o be n/(-10) + 135/225. What is the greatest common divisor of o and q?
19
Let k(p) = -p**3 + 11*p**2 + 33*p - 290. Let o be k(9). What is the greatest common divisor of 1313 and o?
13
Let k be ((-416)/(-26) - -11747)/(0 + 6/4). Calculate the highest common factor of 12 and k.
6
Suppose -116*j = -111*j - 110. What is the highest common factor of j and 682?
22
Suppose 0 = -5*i - 4*s + 47, -s + 987 - 904 = 5*i. Suppose -2534 - 1266 = -4*u. Calculate the greatest common factor of i and u.
19
Let v(k) = -k**3 + 16*k**2 + 138*k - 18. Let h be v(22). Suppose -2*b = 5*d + 209 - 533, 436 = 3*b - 5*d. What is the highest common divisor of b and h?
38
Suppose -2456 + 2320 = -d + z, -5*d + 3*z = -676. Let c(o) = 13*o + 2. Let u be c(5). What is the greatest common divisor of u and d?
67
Suppose 6 = 2*l + 2*k, 10*l - 2*k - 36 = 5*l. Let m be (-9)/(-3) + (0/l - -153). What is the highest common divisor of 12 and m?
12
Let m be (-1)/18*2 - (-257216)/288. What is the highest common factor of 47 and m?
47
Suppose 0 = -2*a + 70*s - 71*s + 517, 0 = a + 3*s - 271. Calculate the greatest common factor of 4 and a.
4
Suppose -g = -4*g - 159. Suppose -300 = 5*q + 5*v, -4*q + 3*v = -0*v + 219. Let j = g - q. What is the highest common divisor of 6 and j?
2
Suppose 331 = 3*p + 3*o + o, o = 5*p - 521. Let j = -4100 - -4235. Calculate the highest common factor of p and j.
15
Let n = -11705 + 11729. Calculate the highest common divisor of 16788 and n.
12
Let c(b) = -4*b + 31. Let w be c(6). Suppose -85 - 62 = -w*v. Suppose -8*l + 21 + 35 = 0. What is the highest common factor of v and l?
7
Let n = 52 + -28. Suppose 3 + n = y. Suppose 260 - 152 = 4*t. What is the highest common factor of t and y?
27
Suppose 0 = 6*v - 1496 - 1564. Calculate the highest common factor of 420 and v.
30
Suppose 0 = -19*y + 4*y + 2340. Suppose -3*j - y = -6*j. What is the highest common divisor of 65 and j?
13
Let m(v) = v**3 + 12*v**2 - 29*v + 106. Let o be m(-14). Calculate the greatest common factor of 3660 and o.
60
Let h(b) = -23*b + 159. Let s be h(5). Suppose -384 = -2*j - 3*g, -3*g + 190 = j - g. Calculate the greatest common divisor of j and s.
22
Let n = -46 + 34. Let q be ((-7)/2)/(2/n). Suppose -5*s = -7*s + 420. What is the greatest common factor of q and s?
21
Let j be (68/8)/((14/(-12))/(-7)). Let i = 62 - j. Let y(n) = -n + 16. Let g be y(i). What is the highest common divisor of g and 55?
5
Let i(z) = 17*z**3 + 2*z - 3. Let f be i(1). Let s = f + -2. Suppose 3*b - 2*m = -2*b + 113, b + 4*m - 5 = 0. Calculate the highest common factor of s and b.
7
Let t = 177 - 93. Suppose -10*f + 504 = t. Let y(n) = 17*n**2 + 3*n + 1. Let l be y(-2). Calculate the greatest common divisor of l and f.
21
Let x(r) = 51*r + 5. Let i be x(5). Let s be i/(-52) + (-22)/(-2). What is the greatest common factor of s and 24?
6
Let k = -131 + 132. Let g be (k + -3)/(2/12). Let b be ((-114)/g + -2)*2. Calculate the highest common factor of 3 and b.
3
Suppose -183 = 18*x - 21*x - 3*f, x = 5*f + 55. Calculate the greatest common factor of x and 2370.
30
Let q(l) = -134*l - 1633. Let d be q(-16). What is the highest common factor of d and 189?
7
Suppose 9*b - 46848 + 14700 = 0. Let k be b/38 - -4*2/(-2). Calculate the greatest common factor of k and 30.
30
Let n = 114 - 74. Let u be n/3 - 6*(-6)/(-108). Let r be 49/4 + (u/(-4) - -3). What is the highest common factor of r and 6?
6
Let f = 37 - 50. Let n be (2/(-5))/(f/15990). Suppose 4*d - 318 - 186 = -2*z, 4*d = -5*z + n. Calculate the greatest common factor of d and 32.
32
Suppose 5*b - 9195 = -5*d, -20*d - 4*b + 5514 = -17*d. Calculate the highest common factor of 6 and d.
6
Suppose 82*f = 4309 - 1357. Suppose 48*v - 42*v = 2808. Calculate the greatest common divisor of f and v.
36
Suppose -19*y + 0*y + 5396 = 0. Suppose 3*d + 4*j = y, 2*d - 132 = 5*j + 19. Calculate the greatest common factor of d and 88.
88
Let n be 102/(-4)*(-28)/6. Let a be -58*(-220)/1595 + 128 + 1 + -1. Calculate the highest common divisor of a and n.
17
Let t(m) = -7*m + 82. Let d(g) = 7*g**2 - 2*g - 2. Let c be d(-1). Let a be t(c). What is the greatest common factor of a and 264?
33
Suppose 5*q + 3*f = 10*q - 235, 4*q + 4*f - 188 = 0. Suppose -43*t + q*t = 24. Calculate the highest common factor of 282 and t.
6
Let s be -24*3*(1/2)/(15/(-10)). Let h be (-95)/(-4) + (-2)/(-8). Calculate the highest common divisor of s and h.
24
Suppose -2276*p + 2258*p + 4536 = 0. What is the greatest common factor of 45 and p?
9
Let c be 135/54*((-908)/(-10) + -2). Suppose -g - 3*g + 40 = -4*x, 20 = -5*x. What is the greatest common factor of c and g?
6
Suppose -5*m = -5*z - 465, 429*m - 434*m + 447 = -2*z. Calculate the greatest common divisor of 841 and m.
29
Let l be (31/((-620)/270))/((-1)/34). Suppose g - 26 = 3*m, 2*g - 3*m - 45 = -2. Calculate the greatest common divisor of g and l.
17
Let d be (-422 + 412)*(4/10 - (-27)/(-15)). Calculate the greatest common divisor of d and 2954.
14
Suppose 11*l - 10463 + 3344 = 6367. What is the highest common factor of l and 2?
2
Suppose 130896 = 55*p + 40*p - 98909. What is the greatest common factor of 41 and p?
41
Suppose 2*g - 250 = -r, 9 = 484*g - 485*g. Calculate the greatest common divisor of r and 59764.
268
Suppose -8*r - r + 133 - 7 = 0. Let v = -4 - -7. Let q be ((-14)/5)/(v/(-120)). Calculate the highest common divisor of r and q.
14
Suppose 0 = -19*d + 14*d + 100. Let b = -27 + 9. Let w = 22 + b. What is the greatest common divisor of d and w?
4
Suppose p - 3*t - 5 = 0, -25 = 8*p - 13*p + 4*t. Suppose -2 - 33 = -p*r. What is the highest common divisor of r and 56?
7
Let d(q) = 134*q**2 - q + 2. Let f be d(1). Let p = f + 41. What is the highest common divisor of p and 16?
16
Let w(a) = -a**3 - 6*a**2 - 88*a - 459. Let r be w(-6). What is the highest common factor of 7705 and r?
23
Suppose 0 = -5*b - 3*f - 10 - 3, 3*b = 5*f - 1. Suppose 2*g = -193*g + 2934 - 594. Let h be (b - (-45)/g)*44. Calculate the greatest common divisor of 11 and h.
11
Let y = 7160 + -6464. What is the greatest common factor of 132 and y?
12
Let z(i) = i**2 + 4*i + 39. Let l be z(14). Suppose -10*j + l = -319. Calculate the highest common factor of j and 122.
61
Let x be (-42)/(-63) - ((-13764)/90 + 3/5). Calculate the greatest common divisor of 833 and x.
17
Let j(h) = -h**2 + 9*h + 21. Let m be j(9). Let a(i) = 17*i**3 + 6*i**2 - 6*i + 1. Let u be a(1). Calculate the highest common factor of u and m.
3
Let g be ((-4)/8)/((-1)/6). Suppose y = 2*o - 81, -o - o = 3*y + 243. Let v = 84 + y. Calculate the greatest common divisor of v and g.
3
Suppose 30 + 42 = 9*d. Let t(z) = 9*z + 97. Let c be t(d). What is the greatest common factor of 39 and c?
13
Let c = 62 + -60. Let t(f) = 7*f**3 - 3*f**2 + 2*f - 4. Let p be t(c). Calculate the highest common divisor of p and 187.
11
Let b(w) = 3*w**3 - 3*w**2 + 2*w + 1. Let v be b(2). Let s = v - -1. Suppose 5*z - 84 = 5*d - 69, 3*d = 9. Calculate the greatest common divisor of z and s.
6
Suppose 0 = -2*y - 3*g + 3407, -21*g + 3417 = 2*y - 20*g. What is the highest common divisor of y and 59?
59
Suppose 6*a + 371*t - 76 = 367*t, -a - t = -16. Let i = -5 + 8. Suppose 4*o - 25 = i*z, 3*z = -o + z - 2. What is the highest common divisor of o and a?
2
Let z(u) = -2*u**3 - 7*u**2 - 12*u - 14. Let x be z(-4). Let i = x + 25. What is the highest common factor of i and 105?
15
Let b be (3/(18/4))/(-23 - (-8990)/390). What is the highest common divisor of 5317 and b?
13
Suppose 5*d + 1 = w, 5*w = -4*d + 2*d + 5. Suppose 4*j - 4*z = -0*j + 232, d = -5*j - 2*z + 304. Calculate the greatest common divisor of 90 and j.
30
Suppose 17630 - 14 + 48768 = 18*t. Calculate the highest common divisor of 32 and t.
8
Let i = 5377 - 5260. What is the greatest common factor of i and 18?
9
Let i = -65 - -273. Suppose -29*q + 21*q = -i. Calculate the greatest common factor of q and 78.
26
Let q(s) = -s**2 - 5*s + 13. Let w be -3 + (-1)/((-3 - -4)/3). Let h be q(w). Suppose -h*r - 122 + 1641 = 0. What is the greatest common divisor of 31 and r?
31
Suppose 9*n = 3*n + 2340. Let u(f) = f**3 